is the units digit of 0*2/4 - s?
1
What is the tens digit of (44/12 + -3)*66?
4
Let g = 17 + 0. What is the units digit of g?
7
Let b(v) = -5*v - 26. What is the units digit of b(-6)?
4
Let r(s) = s**3 + 10*s**2 - 2*s - 15. What is the units digit of r(-8)?
9
Suppose 0 = h - 13 - 0. What is the tens digit of h?
1
Let u = -6 + 14. What is the units digit of u?
8
Suppose 5*r = 799 - 104. What is the units digit of r?
9
Let a(g) = 2*g**2 - 4*g + 2. Let b be a(2). Let j(x) = x**2 - 2. What is the units digit of j(b)?
2
Suppose -7*q = -2*q + 5. Let w(g) = -44*g**3 + g**2 + g. Let s be w(q). Suppose -6*j + 2*j + s = 0. What is the units digit of j?
1
Let n = 132 - 76. What is the units digit of n?
6
Let v = -9 - -9. Suppose -c = -4*o + 54, -c + 44 = 3*o - v*c. What is the tens digit of o?
1
Let i = -85 - -309. What is the tens digit of i?
2
Let t(q) = q**3 - q**2 + 45. What is the tens digit of t(0)?
4
What is the units digit of 8 + (-15)/3 - (-1 - 65)?
9
Let y(z) = -z**2 + 7. Let t be y(0). Let s = t - -1. What is the units digit of s?
8
Let j be 102 - 1*(-3 - -2). Suppose 4*s = 53 + j. What is the tens digit of s?
3
Suppose 2*m - 23 = -137. Let x = m - -94. What is the tens digit of x?
3
Suppose -3*k + 208 + 53 = 0. What is the units digit of k?
7
Let y = -7 - -20. What is the units digit of y?
3
Let h(p) = -3*p - 13. What is the tens digit of h(-26)?
6
What is the units digit of (1 + 1)/(1494/(-1506) - -1)?
1
Let n be (-4)/1 + 1 + 6. Suppose -3*a + n*v = -75, 0*v - 4*v - 16 = 0. What is the tens digit of a?
2
Let y(f) = -f**3 - 8*f**2 + 10*f - 5. What is the tens digit of y(-10)?
9
Let s = 97 - 63. What is the tens digit of s?
3
Let z = 138 - 34. What is the units digit of z?
4
Let m = 79 - 44. Suppose 2*s + 5*g = m, 3*g - 35 = -4*s - 0*g. Suppose -s*v = -v - 28. What is the units digit of v?
7
Suppose -3*m + 3*i = -135, 4*m + i + i = 150. What is the units digit of m?
0
Suppose -2*h = -3*c - 340, -4*h - 5*c + 680 = -2*c. What is the hundreds digit of h?
1
Let d(p) = -p**2 - p + 4. Let c be d(0). Suppose 4*k - 38 = -2*x, -c*k + 20 = k. What is the tens digit of x?
1
Let o(k) = 2*k + 4. Let n be o(-9). Let i = 26 + n. What is the tens digit of i?
1
Let m = 35 - 23. What is the tens digit of m?
1
Suppose 5*y - 26 - 15 = -3*g, -5*y + 29 = -3*g. What is the units digit of y?
7
Suppose -5*v - 4*r = 14, 2*v + 3*r = -0*v - 7. What is the units digit of -5 - v - (-9 - 2)?
8
Let b = 39 + -30. What is the units digit of b?
9
Suppose -q = z - 183, z + 39 = -3*q + 584. What is the units digit of q?
1
Let z(r) = -r**3 - 10*r**2 - 10*r - 5. What is the units digit of z(-10)?
5
Let u(o) = 19*o**2 - 4*o - 8. What is the tens digit of u(-3)?
7
Let g = -5 - -3. Let b(n) = -7*n. What is the tens digit of b(g)?
1
Let v(s) = -s**3 - 4*s**2 - 4*s - 1. Let q be v(-5). Suppose w - 4*o = 24, -3*w + q = -o - 4*o. What is the units digit of w?
8
Let o(b) = b**3 + 6*b**2 - 2*b - 12. What is the units digit of o(-5)?
3
Suppose -2*m - 3*l = 4 + 4, -m - 3*l = 4. Let i = 20 - 17. What is the units digit of (i/2)/((-3)/m)?
2
Let a be 1 + -2 - 2 - 25. Let p be 7/a - 2/(-8). Suppose p*f + 28 = 4*f. What is the units digit of f?
7
Let v(x) = x**3 - 2*x + 2. Let s(y) = -y**2 + 5*y - 2. Let o be s(4). Let r be v(o). What is the units digit of r/15 + 86/10?
9
Let d(m) = -m**3 - m - 7. What is the units digit of d(-3)?
3
Suppose 3*s = -2*s + 15. Suppose 2*f - 14 = -s*p + 9, 0 = -5*f - 2*p + 74. What is the tens digit of f?
1
Suppose 5*w = -5*q + 690, -95 - 597 = -5*q - 4*w. What is the hundreds digit of q?
1
Suppose h + 4 = -h. Let k be -2*((-18)/(-4) + h). Let g = k - -6. What is the units digit of g?
1
Let b(m) = 3*m**3 + 2*m**2 + m - 1. What is the units digit of b(2)?
3
Suppose 5*s + 282 - 827 = 0. Suppose -21 = -5*k - 3*o + s, -3*k + 3*o + 54 = 0. What is the tens digit of k?
2
Let c be (-12)/30*5*-5. Let z = c - 8. What is the units digit of z?
2
Let f(h) = -3*h**3 - 16*h**2 + 6*h - 1. What is the tens digit of f(-6)?
3
What is the units digit of (-105)/(-30)*(-1 - -3)?
7
Suppose -589 - 911 = -10*k. What is the hundreds digit of k?
1
Suppose 2*c - 4 = -0*c. Suppose 0 = -3*k + 7 + c. Suppose 3 = k*f - 3. What is the units digit of f?
2
Let o(d) = d + 3. Let y be o(-3). Suppose 5*v = 3*k + 70, -k - 2*k = y. Suppose -2*c + 4 + 0 = 0, 0 = -4*r - 5*c + v. What is the units digit of r?
1
Suppose 2*y + 2*y + 2*a - 36 = 0, 13 = 3*y - 2*a. Let x = y + 9. What is the tens digit of x?
1
Let u(f) = -f**2 - f + 3. Let r be u(0). Suppose 2*x - 5 = -4*n - x, r*x + 1 = -n. Suppose 0*j - j = -n. What is the units digit of j?
2
Suppose -3*k = 3*l + 2*k - 25, -3*l + 23 = 4*k. Suppose -l*r + 18 = -27. Let b = r - 5. What is the units digit of b?
4
Suppose 42 = -5*f - 63. Let t be (4/(-3))/((-2)/f). What is the units digit of (-4)/(-14) - 94/t?
7
Suppose -5*r - 3 + 28 = 0. Suppose -25 = 3*s + 2*s, -27 = -q + r*s. Suppose -q*t + 1 = 3*t - 3*v, -t - v = -5. What is the units digit of t?
2
Let v = -47 - -188. What is the hundreds digit of v?
1
Let p be (-1)/4 - 13/(-4). Suppose 0*d - p*l - 57 = -4*d, l = d - 14. What is the tens digit of d?
1
Suppose 2 + 7 = 3*r. Suppose r*o = -4*k + 3 - 4, 5*o + 2*k - 17 = 0. Suppose -3 - 32 = -o*l. What is the units digit of l?
7
Let t(h) = -22*h - 2. Let z(s) = s - 9. Let w be z(7). What is the tens digit of t(w)?
4
Let f(o) = o + 2. Let c be f(0). Suppose 5*a = -4*k + 65, -c*k + 4*k = -10. What is the tens digit of a?
1
Suppose -q = -3*o - 0*o + 413, 0 = o + 4*q - 116. What is the hundreds digit of o?
1
Let g(b) = -6*b**2 - b. Let h = -4 + 3. Let x be g(h). Let k = -1 - x. What is the units digit of k?
4
Let v(g) = -g**3 + g**2 + 4*g - 3. Let h = 11 + -2. Let k = -7 + h. What is the units digit of v(k)?
1
Let c(m) = m**2 + 8*m - 7. Let a be c(-8). Let q = a - -12. Suppose 3*p + p = 5*h - 13, p - 28 = -q*h. What is the units digit of p?
3
Let p = -24 + 48. Suppose -3*n = -2*n - p. What is the tens digit of n?
2
Let r = 55 + -239. What is the tens digit of ((-2)/(-4))/((-4)/r)?
2
Suppose 9*h - 7*h - 6 = 0. Suppose -4*y + 2*f + h*f + 83 = 0, 3*y + 3*f - 42 = 0. What is the units digit of y?
7
Let o = 109 + -74. What is the units digit of o?
5
Suppose 6*c - 2*c - 40 = 0. Suppose -5*d - 25 = -5*j + c, -5*d = 5*j - 35. What is the units digit of j?
7
Let m(v) be the third derivative of v**5/120 + v**4/24 + v**3/3 + 3*v**2. Let d(q) be the first derivative of m(q). What is the units digit of d(9)?
0
What is the tens digit of (-9126)/(-81) + 1/3?
1
Suppose 0 = -a + 4*a. Let t(g) = 8*g**2 + 1. Let q be t(2). Suppose -z = a, -z + q = 4*i - i. What is the units digit of i?
1
Suppose 0 = -9*c + 4*c + 60. Suppose 0*p + 2*p + c = 0. Let s(d) = -d**2 - 6*d + 2. What is the units digit of s(p)?
2
Suppose 3*f = -3*i + 7*i - 10, 4*f + 10 = 2*i. Let b be 6 + (i - (5 - 2)). Let y = b - 3. What is the units digit of y?
1
Suppose -6*s + s + 10 = -5*t, 2*s = -t - 2. What is the units digit of (5/t)/((-1)/2)?
5
Suppose -4*y - c - 31 = 0, 5*y = -2*c - c - 44. Let d(g) = g**2 + 13*g - 2. Let j be d(-13). Let h = j - y. What is the units digit of h?
5
Suppose -113 = 7*r - 2010. What is the units digit of r?
1
Suppose 13*q = 16*q - 171. What is the tens digit of q?
5
Let a(g) = -18*g + 43. What is the tens digit of a(-13)?
7
Let j be (0/2 + -4)/(-2). Let q(t) = 13*t + 3. What is the units digit of q(j)?
9
Let t(d) = 2*d + 33. What is the units digit of t(-12)?
9
Let r(s) = s + 24. Suppose 5*k + 35 = -5*u, k - 4*u = -8*u + 2. What is the tens digit of r(k)?
1
Let q(t) = 2*t + 3. Let a(v) = 2*v + 3. Let w(s) = -2*a(s) + 3*q(s). What is the tens digit of w(4)?
1
Let a(f) be the first derivative of 12*f**4 + f**3/3 - f**2/2 + f - 1. Let j be a(1). Suppose 4*t + 15 - j = -u, 2*t = -4*u + 10. What is the units digit of t?
9
What is the tens digit of 3*2/((-8)/(-84))?
6
Let q(i) = i**2 + 4*i + 1. Suppose 0 = -3*h - 16 + 1. What is the units digit of q(h)?
6
Let h = -3 + 8. Suppose -h*j - 34 = -174. What is the units digit of j?
8
Suppose 0 = 4*v + 11*v - 5550. What is the units digit of v?
0
Suppose -3*h - 1 = -13. Suppose -h*l - 3*k = 0, -4*k = -2*l + 4*l. Suppose -3*g - 2*g + 20 = l. What is the units digit of g?
4
Suppose 2*a - 2 = 16. Let y = 15 - a. What is the units digit of y?
6
Let s(b) 